digit of t?
4
Let d be (-700)/(-60) + 2/6. Suppose d*p + 359 = 6623. What is the hundreds digit of p?
5
Let t be (-8)/(-10)*3450/23. Suppose 0 = -t*g + 125*g - 1615. What is the tens digit of g?
2
Suppose -3*i = -7*i, 5*i = -2*z + 54. Let n(s) = 14*s - 251. What is the units digit of n(z)?
7
Suppose 7991 = 13*j + 789. Let a = 158 + j. Suppose -8*m + 320 = -a. What is the units digit of m?
9
Suppose 3*h - 204 = 2*o, 0 = 2*o + 5*h - 10*h + 212. Let k = o - -99. Suppose -20 = -4*y, -k*v = 2*y + 2*y - 710. What is the hundreds digit of v?
2
Let k(o) = o**3 + 7*o**2 - 9*o + 14. Let l(j) = -2*j**2 - 2*j + 5. Let x be l(0). What is the tens digit of k(x)?
6
What is the thousands digit of (((-9952)/(-14))/(-8))/((-1)/259)?
3
Suppose -43*p + 25*p = -36. What is the tens digit of 10612/16 + p - (-18)/24?
6
Let x(z) = -19*z + 239. Let l be x(12). Let h(q) = 5*q**3. Let f be h(1). Suppose 2*b + l - 71 = -f*t, -3*t = -6. What is the tens digit of b?
2
Let c(k) be the first derivative of 40*k**3/3 - 5*k**2 - 12*k - 65. What is the units digit of c(-4)?
8
Let b be (-29)/(-58) + (0 - 4335/(-2)). Suppose a + 1301 = 3*z, -b = -5*z + 2*a - 0*a. What is the hundreds digit of z?
4
Let w be 1*6 + (-1 - 54/3). Let n(i) = 13*i + 1. Let c be n(-1). Let p = c - w. What is the units digit of p?
1
Let v(b) = 256*b**2 + 149*b + 1008. What is the thousands digit of v(-6)?
9
Let j = -25056 + 39913. What is the thousands digit of j?
4
What is the thousands digit of ((-843488)/8)/(-4) + (0 - 3)?
6
Let i = 4893 - -1576. What is the hundreds digit of i?
4
Suppose -n + 5*s + 7 = 0, 2*n = -0*s + 2*s - 10. What is the units digit of -7 + 10*(-52)/n?
8
Suppose -4*u + 360 = -u. Let x = -83 + u. Let k = 152 - x. What is the tens digit of k?
1
Let p(b) = b**3 - 8*b**2 + 12*b - 18. Let c be p(7). Suppose -21*h = -c*h - 456. What is the hundreds digit of h?
1
Let n = 2353 + -384. Let y = n + 641. What is the units digit of y/126 + (-4)/(-14)?
1
Let u(l) = 295*l + 576. What is the thousands digit of u(7)?
2
Let z be -32 + 31 - (-1917 + 4/2). Suppose 4*v = 2*j + z, -5*v - 4*j + 2380 = -9*j. What is the hundreds digit of v?
4
What is the tens digit of (-518641)/(-78) + (-10)/60 - 9/117?
4
Suppose 26*b + 773459 = 87*b - 166002. What is the hundreds digit of b?
4
Suppose 4 = -2*h, 4*h = -j + 2*j + 788. Let w = 1141 + j. What is the hundreds digit of w?
3
Let q(i) = 5*i + 85. Let a(h) = 12*h + 169. Let y(o) = 3*a(o) - 5*q(o). Let g be y(-20). Let r = 11 - g. What is the tens digit of r?
4
Let f be -1 - (-3 - (-1 + 3)/2). Suppose 0*b - b = -f*y + 9, -3 = b. Suppose -3*a = 12, -u = -y*a + 5*a - 87. What is the tens digit of u?
9
What is the ten thousands digit of -4 - (2816 + -42)*123/(-6)?
5
Suppose 3 = x, -5 = 4*a - 4*x - 21. Suppose -4*o - 3*g = 9, -o + 2*g = a*g + 15. Suppose -b + 2*c + 46 = o, -b - 2*c = -48 + 6. What is the units digit of b?
4
Let t be 3 + -4 - -4 - (0 - -1). Suppose 5*c = t*c + 33. Suppose -z + 79 = c. What is the units digit of z?
8
Let a = 2 - -91. What is the units digit of (0 - 84)/((-6)/a)?
2
Suppose -4*t + 3*t = -636. Suppose 3*b - t = b. What is the hundreds digit of b?
3
Let g(u) = 2*u**3 - 44*u**2 + 32*u - 8. Let x = 134 + -112. What is the units digit of g(x)?
6
Let p = 2154 - 706. Suppose 37*a - 33*a = p. What is the hundreds digit of a?
3
Let w(l) = 2*l**2 + 17*l + 13. Let a be w(-8). Suppose -4*v = -a*b - 2186, 0 = 3*v - 6*v - 2*b + 1628. What is the tens digit of v?
4
Suppose 0 = -j + 4 - 1. Let b be (0 - (-2)/3)/(496/97464). Suppose -l - 7*u + j*u + 133 = 0, l + 3*u = b. What is the units digit of l?
5
Suppose -81*m + 532 = -80*m. Suppose -15 = 5*o, 0*j = -j + 3*o + m. What is the hundreds digit of j?
5
Suppose -33036 = -4*u - m, -4*u + m + 12825 = -20203. What is the hundreds digit of u?
2
Suppose -8*a + 12*a = 4*i - 1960, 0 = i + 2*a - 481. Let d = i + 42. What is the tens digit of d?
2
Let b(m) = m**3 - 30*m**2 + 45*m - 61. Let v = -345 + 374. What is the tens digit of b(v)?
0
Let j(c) = 15*c**3 + c**2 + 4*c + 3. Let y(h) = -14*h**2 + 2 - 8 - 30*h**3 - 8*h + 12*h**2. Let m(i) = 5*j(i) + 3*y(i). What is the units digit of m(-2)?
1
Suppose 4*w = -4*m + 2725 - 773, m + 3*w = 494. What is the hundreds digit of m?
4
Let u(p) = -2*p**3 - 4*p**2 - 5*p - 9. Let z(r) = -r + 12. Let i be z(18). What is the hundreds digit of u(i)?
3
Suppose -21*t - 3*w - 298164 = -25*t, 3*w + 223623 = 3*t. What is the thousands digit of t?
4
Suppose -4*p + 269 - 13 = 0. Suppose -2*y = 5*g + 11 + p, 4*y = -g - 33. Let l(u) = -u**3 - 12*u**2 + 12*u + 19. What is the tens digit of l(g)?
3
What is the ten thousands digit of ((-3)/2)/((-4)/76 + (-2158422)/(-41055504))?
2
Let x(w) = -w**3 - 4*w**2 - 7*w - 4. Let t = -81 + 85. Suppose -15*y + t = -17*y. What is the units digit of x(y)?
2
Suppose 307*m - 304*m = 3*x - 7593, -2503 = -x + 5*m. What is the hundreds digit of x?
5
Suppose 0 = -2*f + 4*m + 5204, -2*f = 3*f - 3*m - 13038. Suppose -5*q = 3*d - f, 0*d + 1560 = 3*q + 3*d. What is the tens digit of q?
2
Suppose 52*b - 53*b - 3*i = -55736, -5*b + 2*i = -278782. What is the thousands digit of b?
5
Let c be (-61)/(-4) + -1*9/(-12). Suppose -c = 31*k - 35*k. Suppose 59 = k*q - 269. What is the units digit of q?
2
Let u(s) = -1695*s + 2572. What is the units digit of u(-7)?
7
Let l = 78176 - 35870. What is the thousands digit of l?
2
Let z(s) = 477 - 897 + 466 - 620*s. What is the hundreds digit of z(-2)?
2
Let t = 111 - 99. Suppose t*h = 2793 + 7287. What is the tens digit of h?
4
Let c(r) = -8*r + 90. Let g(p) = 11*p - 92. Let j(l) = 6*c(l) + 4*g(l). What is the tens digit of j(0)?
7
Let w be (-5 + 60/18)*-3. Suppose 5*t = -10 - 0, 366 = w*l + 2*t. What is the units digit of l?
4
Suppose -14685 = 3*x + 4*f - 36020, -7116 = -x + 3*f. What is the thousands digit of x?
7
Suppose -4964*i = -4974*i + 42380. What is the thousands digit of i?
4
Suppose 5*w + b = 10812, -456 + 6938 = 3*w - 2*b. What is the hundreds digit of w?
1
What is the thousands digit of (1 + 21/6)*(-2493744)/(-1188)?
9
Let n(j) = -j**2 - 31*j + 35. Let m(f) = 2*f**2 + 63*f - 70. Let p(z) = 2*m(z) + 5*n(z). What is the tens digit of p(-14)?
4
Let d(o) = -o + 32. Let i be d(19). Let x be 2/13 + 24/i. Suppose 4*n - 3*t + x*t = 171, 2*t = 10. What is the units digit of n?
4
Let b(x) = -x**3 - 5*x**2 + 3. Let i be b(-5). Suppose 2*o + 509 = -i*y - 2*y, 716 = -3*o + 2*y. Let w = o - -367. What is the tens digit of w?
2
Suppose q + 2323 = 24*q. Suppose -104*j + 1404 = -q*j. What is the tens digit of j?
6
Let u be 2 + (-18)/6 + 5 + -2. Let l be (1 - -1)*u*2. Suppose -l*d = -d - 56. What is the units digit of d?
8
Let s be -5 + (-1 + 2 - 2)*-2. Let q be (-1)/(20/36)*10/s. Suppose q*u = -157 + 745. What is the units digit of u?
8
Let u be 5/(55/2) - 134/11. Let d(g) = g**3 + 12*g**2 + 3*g + 31. Let c be d(u). What is the units digit of (-2 - 18/c)/((-23)/(-690))?
8
Suppose 2*m - 21123 = -3*a, 0 = 3*a - 18*m + 13*m - 21102. What is the thousands digit of a?
7
Let f(n) = -n**3 + 7*n**2 - 14*n + 14. Let u be (4 - -1)*(-4)/(-4). Let h be f(u). Let v(o) = -20*o + 26. What is the units digit of v(h)?
6
Let v(u) = 180*u**2 - 557*u - 17. What is the thousands digit of v(8)?
7
Let w(n) = 4 - 6 + 3*n + 0*n**3 - n**2 + 81*n**3. Suppose -26*m + 6 = -20*m. What is the units digit of w(m)?
1
Let i = -85067 + 128118. What is the tens digit of i?
5
What is the thousands digit of 339*(-1)/4*(307040/(-120))/101?
2
Let v(i) = -211*i - 3102. What is the units digit of v(-58)?
6
What is the hundreds digit of (251 + -1 - -4)/((-16)/(-136))?
1
Let b = -566 + 565. What is the hundreds digit of (b*2)/(2/(-1477)) - -2?
4
Suppose 0 = b + 2*i + 2 - 0, -3*b + 2 = 2*i. What is the hundreds digit of 307/b - ((-45)/10 + 6)?
1
Suppose 3*n = 10 - 46. Let j(p) = -2*p**2 - 41*p + 19. Let r be j(-21). What is the units digit of (3/r)/(n/440)?
5
Suppose 85*l = 94*l - 10818. Suppose 5885 - l = 21*i. What is the hundreds digit of i?
2
Let n(o) = -253*o**3 + 2*o**2 - o - 21. What is the ten thousands digit of n(-5)?
3
What is the ten thousands digit of (-7)/(223755/261219 - (-18)/(-21))?
1
Let l = 59 + -57. Suppose 0 = z + x - 7, -l*z - z + 2*x = -6. What is the units digit of z + 0 - 285/(-3)?
9
Let t be 4/2*(-110)/44. Let h(f) = 4*f**2 - 2*f + 4. What is the hundr